{"id":2623,"date":"2026-04-28T07:36:19","date_gmt":"2026-04-28T05:36:19","guid":{"rendered":"https:\/\/www.kulturazilina.sk\/?post_type=tribe_events&#038;p=2623"},"modified":"2026-04-28T07:36:19","modified_gmt":"2026-04-28T05:36:19","slug":"vystava-vlna01","status":"publish","type":"tribe_events","link":"https:\/\/www.kulturazilina.sk\/en\/podujatia\/vystava-vlna01\/","title":{"rendered":"V\u00ddSTAVA: VLNA01"},"content":{"rendered":"<p>Spolo\u010dn\u00e1 v\u00fdstava autorov v\u00fdtvarnej skupiny Vlna predstavuje tvorbu v oblasti fotografie, klasick\u00fdch aj digit\u00e1lnych v\u00fdtvarn\u00fdch techn\u00edk.<\/p>\n<p>VLNA je komunitou autorov p\u00f4sobiacich pri ob\u010dianskom zdru\u017een\u00ed Nov\u00fd priestor v \u017diline. V\u00fdstava prin\u00e1\u0161a r\u00f4znorod\u00e9 autorsk\u00e9 pr\u00edstupy, ktor\u00e9 sp\u00e1ja spolo\u010dn\u00e9 tvoriv\u00e9 z\u00e1zemie a z\u00e1ujem o s\u00fa\u010dasn\u00e9 vizu\u00e1lne vyjadrenie.<\/p>\n<p>Trvanie v\u00fdstavy: 20. 4. \u2013 8. 5. 2026<br \/>\nMiesto: PAS\u00c1:\u017d, Horn\u00fd Val 24, \u017dilina<\/p>\n<p>Viac z tvorby skupiny n\u00e1jdete na:<br \/>\nhttps:\/\/www.novypriestor.sk\/galeria\/<\/p>","protected":false},"excerpt":{"rendered":"<p>Spolo\u010dn\u00e1 v\u00fdstava autorov v\u00fdtvarnej skupiny Vlna predstavuje tvorbu v oblasti fotografie, klasick\u00fdch aj digit\u00e1lnych v\u00fdtvarn\u00fdch techn\u00edk. VLNA je komunitou autorov p\u00f4sobiacich pri ob\u010dianskom zdru\u017een\u00ed Nov\u00fd priestor v \u017diline. V\u00fdstava prin\u00e1\u0161a [&hellip;]<\/p>\n","protected":false},"author":1,"featured_media":2532,"template":"","meta":{"_acf_changed":false,"_tribe_events_status":"","_tribe_events_status_reason":"","footnotes":""},"tags":[],"tribe_events_cat":[],"class_list":["post-2623","tribe_events","type-tribe_events","status-publish","has-post-thumbnail","hentry"],"acf":[],"_links":{"self":[{"href":"https:\/\/www.kulturazilina.sk\/en\/wp-json\/wp\/v2\/tribe_events\/2623","targetHints":{"allow":["GET"]}}],"collection":[{"href":"https:\/\/www.kulturazilina.sk\/en\/wp-json\/wp\/v2\/tribe_events"}],"about":[{"href":"https:\/\/www.kulturazilina.sk\/en\/wp-json\/wp\/v2\/types\/tribe_events"}],"author":[{"embeddable":true,"href":"https:\/\/www.kulturazilina.sk\/en\/wp-json\/wp\/v2\/users\/1"}],"version-history":[{"count":2,"href":"https:\/\/www.kulturazilina.sk\/en\/wp-json\/wp\/v2\/tribe_events\/2623\/revisions"}],"predecessor-version":[{"id":2625,"href":"https:\/\/www.kulturazilina.sk\/en\/wp-json\/wp\/v2\/tribe_events\/2623\/revisions\/2625"}],"wp:featuredmedia":[{"embeddable":true,"href":"https:\/\/www.kulturazilina.sk\/en\/wp-json\/wp\/v2\/media\/2532"}],"wp:attachment":[{"href":"https:\/\/www.kulturazilina.sk\/en\/wp-json\/wp\/v2\/media?parent=2623"}],"wp:term":[{"taxonomy":"post_tag","embeddable":true,"href":"https:\/\/www.kulturazilina.sk\/en\/wp-json\/wp\/v2\/tags?post=2623"},{"taxonomy":"tribe_events_cat","embeddable":true,"href":"https:\/\/www.kulturazilina.sk\/en\/wp-json\/wp\/v2\/tribe_events_cat?post=2623"}],"curies":[{"name":"wp","href":"https:\/\/api.w.org\/{rel}","templated":true}]}}

VÝSTAVA: VLNA01

<p>Spoločná výstava autorov výtvarnej skupiny Vlna predstavuje tvorbu v oblasti fotografie, klasických aj digitálnych výtvarných techník.</p>
<p>VLNA je komunitou autorov pôsobiacich pri občianskom združení Nový priestor v Žiline. Výstava prináša rôznorodé autorské prístupy, ktoré spája spoločné tvorivé zázemie a záujem o súčasné vizuálne vyjadrenie.</p>
<p>Trvanie výstavy: 20. 4. – 8. 5. 2026<br />
Miesto: PASÁ:Ž, Horný Val 24, Žilina</p>
<p>Viac z tvorby skupiny nájdete na:<br />
https://www.novypriestor.sk/galeria/</p>

<p>Spoločná výstava autorov výtvarnej skupiny Vlna predstavuje tvorbu v oblasti fotografie, klasických aj digitálnych výtvarných techník. VLNA je komunitou autorov pôsobiacich pri občianskom združení Nový priestor v Žiline. Výstava prináša [&hellip;]</p>
