{"id":2294,"date":"2026-03-20T19:18:02","date_gmt":"2026-03-20T18:18:02","guid":{"rendered":"https:\/\/www.kulturazilina.sk\/?post_type=tribe_events&#038;p=2294"},"modified":"2026-03-25T14:39:13","modified_gmt":"2026-03-25T13:39:13","slug":"riseup-workshop","status":"publish","type":"tribe_events","link":"https:\/\/www.kulturazilina.sk\/en\/podujatia\/riseup-workshop\/","title":{"rendered":"RISEUP: Soci\u00e1lne siete nie s\u00fa n\u00e1hoda. Workshop v PAS\u00c1:\u017d otvor\u00ed t\u00e9mu algoritmov a online spr\u00e1vania"},"content":{"rendered":"<p data-original-inline-font-weight=\"\">V priestoroch\u00a0<strong data-original-inline-font-weight=\"\">PAS\u00c1:\u017d v \u017diline<\/strong>\u00a0sa uskuto\u010dn\u00ed workshop\u00a0<strong data-original-inline-font-weight=\"\">Soci\u00e1lne siete nie s\u00fa n\u00e1hoda<\/strong>, ktor\u00fd otvor\u00ed t\u00e9mu algoritmov, online spr\u00e1vania a fungovania soci\u00e1lnych siet\u00ed.<\/p>\n<p data-original-inline-font-weight=\"\">Podujatie organizuje\u00a0<strong data-original-inline-font-weight=\"\">Ob\u010dianske zdru\u017eenie RISEUP<\/strong>, ktor\u00e9 prep\u00e1ja ml\u00e1de\u017e so z\u00e1ujmom r\u00e1s\u0165, vzdel\u00e1va\u0165 sa a akt\u00edvne meni\u0165 svet okolo seba. Vo svojej \u010dinnosti sa venuje vzdel\u00e1vaniu, rozhovorom a organiz\u00e1cii podujat\u00ed zameran\u00fdch na aktu\u00e1lne spolo\u010densk\u00e9 t\u00e9my.<\/p>\n<p data-original-inline-font-weight=\"\">Workshop sa zameria na ot\u00e1zky, ktor\u00e9 sa dot\u00fdkaj\u00fa ka\u017edodenn\u00e9ho fungovania v online priestore. \u00da\u010dastn\u00edci sa dozvedia viac o tom, pre\u010do sa im dokola zobrazuj\u00fa podobn\u00e9 vide\u00e1, pre\u010do b\u00fdva konfliktn\u00fd obsah na soci\u00e1lnych sie\u0165ach \u010dasto vidite\u013enej\u0161\u00ed a ak\u00fa \u00falohu v tom zohr\u00e1vaj\u00fa lajky, koment\u00e1re, emoji \u010di umel\u00e1 inteligencia.<\/p>\n<p data-original-inline-font-weight=\"\">To, \u010do vid\u00edme na TikToku, Instagrame alebo YouTube, toti\u017e nie je len n\u00e1hodn\u00fd v\u00fdber pr\u00edspevkov. Ide o v\u00fdsledok algoritmov, ktor\u00e9 sleduj\u00fa spr\u00e1vanie pou\u017e\u00edvate\u013eov a rozhoduj\u00fa o tom, ak\u00fd obsah sa im zobraz\u00ed.<\/p>\n<p data-original-inline-font-weight=\"\">S\u00fa\u010das\u0165ou workshopu bude kr\u00e1tka predn\u00e1\u0161ka, praktick\u00e9 aktivity aj situ\u00e1cie z re\u00e1lneho online sveta. Podujatie je ur\u010den\u00e9 pre ml\u00e1de\u017e aj \u0161irok\u00fa verejnos\u0165.<\/p>\n<p data-original-inline-font-weight=\"\"><strong data-original-inline-font-weight=\"\">Lektorkou podujatia je Mgr. Jana Comov\u00e1.<\/strong><\/p>\n<h2 class=\"wp-block-heading\" data-original-inline-font-weight=\"\">Kedy a kde<\/h2>\n<p data-original-inline-font-weight=\"\"><strong data-original-inline-font-weight=\"\">10. 4. 2026 o 16:00<\/strong><br data-original-inline-font-weight=\"\" \/><strong data-original-inline-font-weight=\"\">PAS\u00c1:\u017d, \u017dilina<\/strong><br data-original-inline-font-weight=\"\" \/><strong data-original-inline-font-weight=\"\">Vstup vo\u013en\u00fd<\/strong><\/p>\n<p data-original-inline-font-weight=\"\">Pr\u00ed\u010fte zisti\u0165, kto naozaj riadi v\u00e1\u0161 feed.<\/p>","protected":false},"excerpt":{"rendered":"<p>V priestoroch\u00a0PAS\u00c1:\u017d v \u017diline\u00a0sa uskuto\u010dn\u00ed workshop\u00a0Soci\u00e1lne siete nie s\u00fa n\u00e1hoda, ktor\u00fd otvor\u00ed t\u00e9mu algoritmov, online spr\u00e1vania a fungovania soci\u00e1lnych siet\u00ed. Podujatie organizuje\u00a0Ob\u010dianske zdru\u017eenie RISEUP, ktor\u00e9 prep\u00e1ja ml\u00e1de\u017e so z\u00e1ujmom r\u00e1s\u0165, [&hellip;]<\/p>\n","protected":false},"author":1,"featured_media":2327,"template":"","meta":{"_acf_changed":false,"_tribe_events_status":"","_tribe_events_status_reason":"","footnotes":""},"tags":[],"tribe_events_cat":[],"class_list":["post-2294","tribe_events","type-tribe_events","status-publish","has-post-thumbnail","hentry"],"acf":[],"_links":{"self":[{"href":"https:\/\/www.kulturazilina.sk\/en\/wp-json\/wp\/v2\/tribe_events\/2294","targetHints":{"allow":["GET"]}}],"collection":[{"href":"https:\/\/www.kulturazilina.sk\/en\/wp-json\/wp\/v2\/tribe_events"}],"about":[{"href":"https:\/\/www.kulturazilina.sk\/en\/wp-json\/wp\/v2\/types\/tribe_events"}],"author":[{"embeddable":true,"href":"https:\/\/www.kulturazilina.sk\/en\/wp-json\/wp\/v2\/users\/1"}],"version-history":[{"count":2,"href":"https:\/\/www.kulturazilina.sk\/en\/wp-json\/wp\/v2\/tribe_events\/2294\/revisions"}],"predecessor-version":[{"id":2409,"href":"https:\/\/www.kulturazilina.sk\/en\/wp-json\/wp\/v2\/tribe_events\/2294\/revisions\/2409"}],"wp:featuredmedia":[{"embeddable":true,"href":"https:\/\/www.kulturazilina.sk\/en\/wp-json\/wp\/v2\/media\/2327"}],"wp:attachment":[{"href":"https:\/\/www.kulturazilina.sk\/en\/wp-json\/wp\/v2\/media?parent=2294"}],"wp:term":[{"taxonomy":"post_tag","embeddable":true,"href":"https:\/\/www.kulturazilina.sk\/en\/wp-json\/wp\/v2\/tags?post=2294"},{"taxonomy":"tribe_events_cat","embeddable":true,"href":"https:\/\/www.kulturazilina.sk\/en\/wp-json\/wp\/v2\/tribe_events_cat?post=2294"}],"curies":[{"name":"wp","href":"https:\/\/api.w.org\/{rel}","templated":true}]}}

RISEUP: Sociálne siete nie sú náhoda. Workshop v PASÁ:Ž otvorí tému algoritmov a online správania

<p data-original-inline-font-weight="">V priestoroch <strong data-original-inline-font-weight="">PASÁ:Ž v Žiline</strong> sa uskutoční workshop <strong data-original-inline-font-weight="">Sociálne siete nie sú náhoda</strong>, ktorý otvorí tému algoritmov, online správania a fungovania sociálnych sietí.</p>
<p data-original-inline-font-weight="">Podujatie organizuje <strong data-original-inline-font-weight="">Občianske združenie RISEUP</strong>, ktoré prepája mládež so záujmom rásť, vzdelávať sa a aktívne meniť svet okolo seba. Vo svojej činnosti sa venuje vzdelávaniu, rozhovorom a organizácii podujatí zameraných na aktuálne spoločenské témy.</p>
<p data-original-inline-font-weight="">Workshop sa zameria na otázky, ktoré sa dotýkajú každodenného fungovania v online priestore. Účastníci sa dozvedia viac o tom, prečo sa im dokola zobrazujú podobné videá, prečo býva konfliktný obsah na sociálnych sieťach často viditeľnejší a akú úlohu v tom zohrávajú lajky, komentáre, emoji či umelá inteligencia.</p>
<p data-original-inline-font-weight="">To, čo vidíme na TikToku, Instagrame alebo YouTube, totiž nie je len náhodný výber príspevkov. Ide o výsledok algoritmov, ktoré sledujú správanie používateľov a rozhodujú o tom, aký obsah sa im zobrazí.</p>
<p data-original-inline-font-weight="">Súčasťou workshopu bude krátka prednáška, praktické aktivity aj situácie z reálneho online sveta. Podujatie je určené pre mládež aj širokú verejnosť.</p>
<p data-original-inline-font-weight=""><strong data-original-inline-font-weight="">Lektorkou podujatia je Mgr. Jana Comová.</strong></p>
<h2 class="wp-block-heading" data-original-inline-font-weight="">Kedy a kde</h2>
<p data-original-inline-font-weight=""><strong data-original-inline-font-weight="">10. 4. 2026 o 16:00</strong><br data-original-inline-font-weight="" /><strong data-original-inline-font-weight="">PASÁ:Ž, Žilina</strong><br data-original-inline-font-weight="" /><strong data-original-inline-font-weight="">Vstup voľný</strong></p>
<p data-original-inline-font-weight="">Príďte zistiť, kto naozaj riadi váš feed.</p>

<p>V priestoroch PASÁ:Ž v Žiline sa uskutoční workshop Sociálne siete nie sú náhoda, ktorý otvorí tému algoritmov, online správania a fungovania sociálnych sietí. Podujatie organizuje Občianske združenie RISEUP, ktoré prepája mládež so záujmom rásť, [&hellip;]</p>
