{"id":1654,"date":"2026-03-04T12:26:20","date_gmt":"2026-03-04T11:26:20","guid":{"rendered":"https:\/\/www.kulturazilina.sk\/?post_type=tribe_events&#038;p=1654"},"modified":"2026-03-20T19:10:50","modified_gmt":"2026-03-20T18:10:50","slug":"mestsky-mobiliar-v-praxi-vystava-studentskych-navrhov-vsvu-a-ard-system","status":"publish","type":"tribe_events","link":"https:\/\/www.kulturazilina.sk\/en\/podujatia\/mestsky-mobiliar-v-praxi-vystava-studentskych-navrhov-vsvu-a-ard-system\/","title":{"rendered":"Urban furniture in practice: Exhibition of student designs from V\u0160VU and ARD system"},"content":{"rendered":"<p data-original-inline-font-weight=\"\">Poz\u00fdvame v\u00e1s na v\u00fdstavu mestsk\u00e9ho mobili\u00e1ru.<\/p>\n<p data-original-inline-font-weight=\"\">Na v\u00fdstave uvid\u00edte pr\u00e1ce z Ateli\u00e9ru interi\u00e9rov\u00e9ho dizajnu Vysokej \u0161koly v\u00fdtvarn\u00fdch umen\u00ed v Bratislave.<\/p>\n<p data-original-inline-font-weight=\"\">V\u00fdstava predstavuje n\u00e1vrhy s\u00fa\u010dasn\u00e9ho mestsk\u00e9ho mobili\u00e1ru pre verejn\u00fd priestor. \u0160tudentsk\u00e9 projekty reaguj\u00fa na potreby mesta so zameran\u00edm na funk\u010dnos\u0165, udr\u017eate\u013enos\u0165 a kvalitu verejn\u00e9ho priestoru. Prin\u00e1\u0161aj\u00fa svie\u017ee poh\u013eady na to, ako m\u00f4\u017ee dizajn kultivova\u0165 na\u0161e ulice, n\u00e1mestia \u010di oddychov\u00e9 z\u00f3ny.<\/p>\n<p data-original-inline-font-weight=\"\"><img decoding=\"async\" class=\"emoji lazyload\" role=\"img\" draggable=\"false\" data-src=\"https:\/\/s.w.org\/images\/core\/emoji\/17.0.2\/svg\/1f4cd.svg\" alt=\"\ud83d\udccd\" src=\"data:image\/svg+xml;base64,PHN2ZyB3aWR0aD0iMSIgaGVpZ2h0PSIxIiB4bWxucz0iaHR0cDovL3d3dy53My5vcmcvMjAwMC9zdmciPjwvc3ZnPg==\" \/>\u00a0Miesto: PAS\u00c1:\u017d<br data-original-inline-font-weight=\"\" \/><img decoding=\"async\" class=\"emoji lazyload\" role=\"img\" draggable=\"false\" data-src=\"https:\/\/s.w.org\/images\/core\/emoji\/17.0.2\/svg\/1f4c5.svg\" alt=\"\ud83d\udcc5\" src=\"data:image\/svg+xml;base64,PHN2ZyB3aWR0aD0iMSIgaGVpZ2h0PSIxIiB4bWxucz0iaHR0cDovL3d3dy53My5vcmcvMjAwMC9zdmciPjwvc3ZnPg==\" \/>\u00a0Term\u00edn: 12. 3. 2025<br data-original-inline-font-weight=\"\" \/><img decoding=\"async\" class=\"emoji lazyload\" role=\"img\" draggable=\"false\" data-src=\"https:\/\/s.w.org\/images\/core\/emoji\/17.0.2\/svg\/1f553.svg\" alt=\"\ud83d\udd53\" src=\"data:image\/svg+xml;base64,PHN2ZyB3aWR0aD0iMSIgaGVpZ2h0PSIxIiB4bWxucz0iaHR0cDovL3d3dy53My5vcmcvMjAwMC9zdmciPjwvc3ZnPg==\" \/>\u00a0\u010cas: 16:00<\/p>\n<p data-original-inline-font-weight=\"\">Pr\u00ed\u010fte sa pozrie\u0165 na v\u00edzie bud\u00facnosti verejn\u00e9ho priestoru a podpori\u0165 mlad\u00e9 dizajn\u00e9rske talenty. Te\u0161\u00edme sa na v\u00e1s!<\/p>","protected":false},"excerpt":{"rendered":"<p>Poz\u00fdvame v\u00e1s na v\u00fdstavu mestsk\u00e9ho mobili\u00e1ru. Na v\u00fdstave uvid\u00edte pr\u00e1ce z Ateli\u00e9ru interi\u00e9rov\u00e9ho dizajnu Vysokej \u0161koly v\u00fdtvarn\u00fdch umen\u00ed v Bratislave. V\u00fdstava predstavuje n\u00e1vrhy s\u00fa\u010dasn\u00e9ho mestsk\u00e9ho mobili\u00e1ru pre verejn\u00fd priestor. \u0160tudentsk\u00e9 [&hellip;]<\/p>\n","protected":false},"author":1,"featured_media":1631,"template":"","meta":{"_acf_changed":false,"_tribe_events_status":"","_tribe_events_status_reason":"","footnotes":""},"tags":[],"tribe_events_cat":[],"class_list":["post-1654","tribe_events","type-tribe_events","status-publish","has-post-thumbnail","hentry"],"acf":[],"_links":{"self":[{"href":"https:\/\/www.kulturazilina.sk\/en\/wp-json\/wp\/v2\/tribe_events\/1654","targetHints":{"allow":["GET"]}}],"collection":[{"href":"https:\/\/www.kulturazilina.sk\/en\/wp-json\/wp\/v2\/tribe_events"}],"about":[{"href":"https:\/\/www.kulturazilina.sk\/en\/wp-json\/wp\/v2\/types\/tribe_events"}],"author":[{"embeddable":true,"href":"https:\/\/www.kulturazilina.sk\/en\/wp-json\/wp\/v2\/users\/1"}],"version-history":[{"count":2,"href":"https:\/\/www.kulturazilina.sk\/en\/wp-json\/wp\/v2\/tribe_events\/1654\/revisions"}],"predecessor-version":[{"id":1656,"href":"https:\/\/www.kulturazilina.sk\/en\/wp-json\/wp\/v2\/tribe_events\/1654\/revisions\/1656"}],"wp:featuredmedia":[{"embeddable":true,"href":"https:\/\/www.kulturazilina.sk\/en\/wp-json\/wp\/v2\/media\/1631"}],"wp:attachment":[{"href":"https:\/\/www.kulturazilina.sk\/en\/wp-json\/wp\/v2\/media?parent=1654"}],"wp:term":[{"taxonomy":"post_tag","embeddable":true,"href":"https:\/\/www.kulturazilina.sk\/en\/wp-json\/wp\/v2\/tags?post=1654"},{"taxonomy":"tribe_events_cat","embeddable":true,"href":"https:\/\/www.kulturazilina.sk\/en\/wp-json\/wp\/v2\/tribe_events_cat?post=1654"}],"curies":[{"name":"wp","href":"https:\/\/api.w.org\/{rel}","templated":true}]}}

Urban furniture in practice: Exhibition of student designs from VŠVU and ARD system

<p data-original-inline-font-weight="">Pozývame vás na výstavu mestského mobiliáru.</p>
<p data-original-inline-font-weight="">Na výstave uvidíte práce z Ateliéru interiérového dizajnu Vysokej školy výtvarných umení v Bratislave.</p>
<p data-original-inline-font-weight="">Výstava predstavuje návrhy súčasného mestského mobiliáru pre verejný priestor. Študentské projekty reagujú na potreby mesta so zameraním na funkčnosť, udržateľnosť a kvalitu verejného priestoru. Prinášajú svieže pohľady na to, ako môže dizajn kultivovať naše ulice, námestia či oddychové zóny.</p>
<p data-original-inline-font-weight=""><img decoding="async" class="emoji lazyload" role="img" draggable="false" data-src="https://s.w.org/images/core/emoji/17.0.2/svg/1f4cd.svg" alt="📍" src="data:image/svg+xml;base64,PHN2ZyB3aWR0aD0iMSIgaGVpZ2h0PSIxIiB4bWxucz0iaHR0cDovL3d3dy53My5vcmcvMjAwMC9zdmciPjwvc3ZnPg==" /> Miesto: PASÁ:Ž<br data-original-inline-font-weight="" /><img decoding="async" class="emoji lazyload" role="img" draggable="false" data-src="https://s.w.org/images/core/emoji/17.0.2/svg/1f4c5.svg" alt="📅" src="data:image/svg+xml;base64,PHN2ZyB3aWR0aD0iMSIgaGVpZ2h0PSIxIiB4bWxucz0iaHR0cDovL3d3dy53My5vcmcvMjAwMC9zdmciPjwvc3ZnPg==" /> Termín: 12. 3. 2025<br data-original-inline-font-weight="" /><img decoding="async" class="emoji lazyload" role="img" draggable="false" data-src="https://s.w.org/images/core/emoji/17.0.2/svg/1f553.svg" alt="🕓" src="data:image/svg+xml;base64,PHN2ZyB3aWR0aD0iMSIgaGVpZ2h0PSIxIiB4bWxucz0iaHR0cDovL3d3dy53My5vcmcvMjAwMC9zdmciPjwvc3ZnPg==" /> Čas: 16:00</p>
<p data-original-inline-font-weight="">Príďte sa pozrieť na vízie budúcnosti verejného priestoru a podporiť mladé dizajnérske talenty. Tešíme sa na vás!</p>

<p>Pozývame vás na výstavu mestského mobiliáru. Na výstave uvidíte práce z Ateliéru interiérového dizajnu Vysokej školy výtvarných umení v Bratislave. Výstava predstavuje návrhy súčasného mestského mobiliáru pre verejný priestor. Študentské [&hellip;]</p>
