{"id":1488,"date":"2026-02-25T21:12:23","date_gmt":"2026-02-25T20:12:23","guid":{"rendered":"https:\/\/www.kulturazilina.sk\/?post_type=tribe_events&#038;p=1488"},"modified":"2026-03-04T12:33:34","modified_gmt":"2026-03-04T11:33:34","slug":"pasaz-komorny-koncert-pri-prilezitosti-vyrocia-zaciatku-velkej-ruskej-agresie-voci-ukrajine","status":"publish","type":"tribe_events","link":"https:\/\/www.kulturazilina.sk\/en\/podujatia\/pasaz-komorny-koncert-pri-prilezitosti-vyrocia-zaciatku-velkej-ruskej-agresie-voci-ukrajine\/","title":{"rendered":"PAS\u00c1:\u017d: Komorn\u00fd koncert pri pr\u00edle\u017eitosti v\u00fdro\u010dia za\u010diatku ve\u013ekej ruskej agresie vo\u010di Ukrajine"},"content":{"rendered":"<p><strong>The Ukrainian House in \u017dilina, in cooperation with the \u017dilinsk\u00fd Maj\u00e1k Information and Support Center, cordially invites you to a chamber concert on the anniversary of the start of Russia's large-scale aggression against Ukraine.<\/strong><\/p>\n<p><img fetchpriority=\"high\" decoding=\"async\" class=\"alignnone size-medium wp-image-1092\" src=\"https:\/\/www.kulturazilina.sk\/wp-content\/uploads\/2026\/02\/1000062631-240x300.jpg\" alt=\"\" width=\"240\" height=\"300\" srcset=\"https:\/\/www.kulturazilina.sk\/wp-content\/uploads\/2026\/02\/1000062631-240x300.jpg 240w, https:\/\/www.kulturazilina.sk\/wp-content\/uploads\/2026\/02\/1000062631-819x1024.jpg 819w, https:\/\/www.kulturazilina.sk\/wp-content\/uploads\/2026\/02\/1000062631-768x960.jpg 768w, https:\/\/www.kulturazilina.sk\/wp-content\/uploads\/2026\/02\/1000062631-10x12.jpg 10w, https:\/\/www.kulturazilina.sk\/wp-content\/uploads\/2026\/02\/1000062631.jpg 1080w\" sizes=\"(max-width: 240px) 100vw, 240px\" \/><\/p>\n<p data-original-inline-font-weight=\"\"><strong><img decoding=\"async\" class=\"emoji lazyload\" role=\"img\" draggable=\"false\" data-src=\"https:\/\/s.w.org\/images\/core\/emoji\/17.0.2\/svg\/1f5d3.svg\" alt=\"\ud83d\uddd3\" src=\"data:image\/svg+xml;base64,PHN2ZyB3aWR0aD0iMSIgaGVpZ2h0PSIxIiB4bWxucz0iaHR0cDovL3d3dy53My5vcmcvMjAwMC9zdmciPjwvc3ZnPg==\" \/>\u00a024. febru\u00e1r 2026,\u00a0<img decoding=\"async\" class=\"emoji lazyload\" role=\"img\" draggable=\"false\" data-src=\"https:\/\/s.w.org\/images\/core\/emoji\/17.0.2\/svg\/1f554.svg\" alt=\"\ud83d\udd54\" src=\"data:image\/svg+xml;base64,PHN2ZyB3aWR0aD0iMSIgaGVpZ2h0PSIxIiB4bWxucz0iaHR0cDovL3d3dy53My5vcmcvMjAwMC9zdmciPjwvc3ZnPg==\" \/>\u00a017:00 \u2013 18:00,<img decoding=\"async\" class=\"emoji lazyload\" role=\"img\" draggable=\"false\" data-src=\"https:\/\/s.w.org\/images\/core\/emoji\/17.0.2\/svg\/1f4cd.svg\" alt=\"\ud83d\udccd\" src=\"data:image\/svg+xml;base64,PHN2ZyB3aWR0aD0iMSIgaGVpZ2h0PSIxIiB4bWxucz0iaHR0cDovL3d3dy53My5vcmcvMjAwMC9zdmciPjwvc3ZnPg==\" \/>\u00a0Horn\u00fd Val 24, \u017dilina<\/strong><\/p>\n<p data-original-inline-font-weight=\"\"><strong>Ukrajinsk\u00e1 komunita v \u017diline<\/strong> vyjadruje \u00faprimn\u00fa v\u010fa\u010dnos\u0165 v\u0161etk\u00fdm slovensk\u00fdm priate\u013eom za podporu Ukrajiny, ktor\u00e1 stato\u010dne br\u00e1ni svoju aj na\u0161u slobodu. Va\u0161a solidarita a podpora n\u00e1m d\u00e1vaj\u00fa n\u00e1dej a silu pokra\u010dova\u0165.<\/p>\n<p data-original-inline-font-weight=\"\">Come and share this important moment of solidarity and gratitude with us.<\/p>\n<p data-original-inline-font-weight=\"\"><strong><img decoding=\"async\" class=\"emoji lazyload\" role=\"img\" draggable=\"false\" data-src=\"https:\/\/s.w.org\/images\/core\/emoji\/17.0.2\/svg\/1f4e9.svg\" alt=\"\ud83d\udce9\" src=\"data:image\/svg+xml;base64,PHN2ZyB3aWR0aD0iMSIgaGVpZ2h0PSIxIiB4bWxucz0iaHR0cDovL3d3dy53My5vcmcvMjAwMC9zdmciPjwvc3ZnPg==\" \/>\u00a0RSVP:\u00a0<a href=\"mailto:ukrskolaza@gmail.com\" data-original-inline-font-weight=\"\">ukrskolaza@gmail.com<\/a><\/strong><\/p>\n<p data-original-inline-font-weight=\"\"><strong>We look forward to seeing you.<\/strong><\/p>","protected":false},"excerpt":{"rendered":"<p>Ukrajinsk\u00fd dom \u017dilina v spolupr\u00e1ci s Centrum inform\u00e1ci\u00ed a podpory \u017dilinsk\u00fd Maj\u00e1k V\u00e1s srde\u010dne poz\u00fdvaj\u00fa na komorn\u00fd koncert pri pr\u00edle\u017eitosti v\u00fdro\u010dia za\u010diatku ve\u013ekej ruskej agresie vo\u010di Ukrajine. \u00a024. febru\u00e1r 2026,\u00a0\u00a017:00 [&hellip;]<\/p>\n","protected":false},"author":1,"featured_media":1057,"template":"","meta":{"_acf_changed":false,"_tribe_events_status":"","_tribe_events_status_reason":"","footnotes":""},"tags":[],"tribe_events_cat":[],"class_list":["post-1488","tribe_events","type-tribe_events","status-publish","has-post-thumbnail","hentry"],"acf":[],"_links":{"self":[{"href":"https:\/\/www.kulturazilina.sk\/en\/wp-json\/wp\/v2\/tribe_events\/1488","targetHints":{"allow":["GET"]}}],"collection":[{"href":"https:\/\/www.kulturazilina.sk\/en\/wp-json\/wp\/v2\/tribe_events"}],"about":[{"href":"https:\/\/www.kulturazilina.sk\/en\/wp-json\/wp\/v2\/types\/tribe_events"}],"author":[{"embeddable":true,"href":"https:\/\/www.kulturazilina.sk\/en\/wp-json\/wp\/v2\/users\/1"}],"version-history":[{"count":2,"href":"https:\/\/www.kulturazilina.sk\/en\/wp-json\/wp\/v2\/tribe_events\/1488\/revisions"}],"predecessor-version":[{"id":1490,"href":"https:\/\/www.kulturazilina.sk\/en\/wp-json\/wp\/v2\/tribe_events\/1488\/revisions\/1490"}],"wp:featuredmedia":[{"embeddable":true,"href":"https:\/\/www.kulturazilina.sk\/en\/wp-json\/wp\/v2\/media\/1057"}],"wp:attachment":[{"href":"https:\/\/www.kulturazilina.sk\/en\/wp-json\/wp\/v2\/media?parent=1488"}],"wp:term":[{"taxonomy":"post_tag","embeddable":true,"href":"https:\/\/www.kulturazilina.sk\/en\/wp-json\/wp\/v2\/tags?post=1488"},{"taxonomy":"tribe_events_cat","embeddable":true,"href":"https:\/\/www.kulturazilina.sk\/en\/wp-json\/wp\/v2\/tribe_events_cat?post=1488"}],"curies":[{"name":"wp","href":"https:\/\/api.w.org\/{rel}","templated":true}]}}

PASÁ:Ž: Komorný koncert pri príležitosti výročia začiatku veľkej ruskej agresie voči Ukrajine

<p><strong>The Ukrainian House in Žilina, in cooperation with the Žilinský Maják Information and Support Center, cordially invites you to a chamber concert on the anniversary of the start of Russia's large-scale aggression against Ukraine.</strong></p>
<p><img fetchpriority="high" decoding="async" class="alignnone size-medium wp-image-1092" src="https://www.kulturazilina.sk/wp-content/uploads/2026/02/1000062631-240x300.jpg" alt="" width="240" height="300" srcset="https://www.kulturazilina.sk/wp-content/uploads/2026/02/1000062631-240x300.jpg 240w, https://www.kulturazilina.sk/wp-content/uploads/2026/02/1000062631-819x1024.jpg 819w, https://www.kulturazilina.sk/wp-content/uploads/2026/02/1000062631-768x960.jpg 768w, https://www.kulturazilina.sk/wp-content/uploads/2026/02/1000062631-10x12.jpg 10w, https://www.kulturazilina.sk/wp-content/uploads/2026/02/1000062631.jpg 1080w" sizes="(max-width: 240px) 100vw, 240px" /></p>
<p data-original-inline-font-weight=""><strong><img decoding="async" class="emoji lazyload" role="img" draggable="false" data-src="https://s.w.org/images/core/emoji/17.0.2/svg/1f5d3.svg" alt="🗓" src="data:image/svg+xml;base64,PHN2ZyB3aWR0aD0iMSIgaGVpZ2h0PSIxIiB4bWxucz0iaHR0cDovL3d3dy53My5vcmcvMjAwMC9zdmciPjwvc3ZnPg==" /> 24. február 2026, <img decoding="async" class="emoji lazyload" role="img" draggable="false" data-src="https://s.w.org/images/core/emoji/17.0.2/svg/1f554.svg" alt="🕔" src="data:image/svg+xml;base64,PHN2ZyB3aWR0aD0iMSIgaGVpZ2h0PSIxIiB4bWxucz0iaHR0cDovL3d3dy53My5vcmcvMjAwMC9zdmciPjwvc3ZnPg==" /> 17:00 – 18:00,<img decoding="async" class="emoji lazyload" role="img" draggable="false" data-src="https://s.w.org/images/core/emoji/17.0.2/svg/1f4cd.svg" alt="📍" src="data:image/svg+xml;base64,PHN2ZyB3aWR0aD0iMSIgaGVpZ2h0PSIxIiB4bWxucz0iaHR0cDovL3d3dy53My5vcmcvMjAwMC9zdmciPjwvc3ZnPg==" /> Horný Val 24, Žilina</strong></p>
<p data-original-inline-font-weight=""><strong>Ukrajinská komunita v Žiline</strong> vyjadruje úprimnú vďačnosť všetkým slovenským priateľom za podporu Ukrajiny, ktorá statočne bráni svoju aj našu slobodu. Vaša solidarita a podpora nám dávajú nádej a silu pokračovať.</p>
<p data-original-inline-font-weight="">Come and share this important moment of solidarity and gratitude with us.</p>
<p data-original-inline-font-weight=""><strong><img decoding="async" class="emoji lazyload" role="img" draggable="false" data-src="https://s.w.org/images/core/emoji/17.0.2/svg/1f4e9.svg" alt="📩" src="data:image/svg+xml;base64,PHN2ZyB3aWR0aD0iMSIgaGVpZ2h0PSIxIiB4bWxucz0iaHR0cDovL3d3dy53My5vcmcvMjAwMC9zdmciPjwvc3ZnPg==" /> RSVP: <a href="mailto:ukrskolaza@gmail.com" data-original-inline-font-weight="">ukrskolaza@gmail.com</a></strong></p>
<p data-original-inline-font-weight=""><strong>We look forward to seeing you.</strong></p>

<p>Ukrajinský dom Žilina v spolupráci s Centrum informácií a podpory Žilinský Maják Vás srdečne pozývajú na komorný koncert pri príležitosti výročia začiatku veľkej ruskej agresie voči Ukrajine.  24. február 2026,  17:00 [&hellip;]</p>
