{"id":282,"date":"2026-01-25T19:55:32","date_gmt":"2026-01-25T18:55:32","guid":{"rendered":"https:\/\/www.kulturazilina.sk\/zasady-pouzivania-suborov-cookie-eu"},"modified":"2026-03-05T10:30:21","modified_gmt":"2026-03-05T09:30:21","slug":"zasady-pouzivania-suborov-cookie-eu","status":"publish","type":"page","link":"https:\/\/www.kulturazilina.sk\/en\/zasady-pouzivania-suborov-cookie-eu\/","title":{"rendered":"Z\u00e1sady pou\u017e\u00edvania s\u00faborov cookie (E\u00da)"},"content":{"rendered":"<div data-elementor-type=\"wp-page\" data-elementor-id=\"282\" class=\"elementor elementor-282\" data-elementor-post-type=\"page\">\n\t\t\t\t<div class=\"elementor-element elementor-element-5186b134 e-flex e-con-boxed e-con e-parent\" data-id=\"5186b134\" data-element_type=\"container\" data-e-type=\"container\">\n\t\t\t\t\t<div class=\"e-con-inner\">\n\t\t\t\t<div class=\"elementor-element elementor-element-4789e58 elementor-widget elementor-widget-text-editor\" data-id=\"4789e58\" data-element_type=\"widget\" data-e-type=\"widget\" data-widget_type=\"text-editor.default\">\n\t\t\t\t\t\t\t\t\t<p>S osobn\u00fdmi \u00fadajmi na\u0161ich pou\u017e\u00edvate\u013eov naklad\u00e1me zodpovedne v zmysle platnej legislat\u00edvy.<\/p><p>Podrobnosti n\u00e1jdete\u00a0<a href=\"https:\/\/www.osobnyudaj.sk\/informovanie\/53947002\/sk\/zakladne-informacie\" target=\"_blank\" rel=\"noopener\">TU<\/a>.<\/p><p><strong>Fotografovanie na podujatiach\u00a0<\/strong><\/p><p>V\u00e1\u017een\u00ed n\u00e1v\u0161tevn\u00edci podujatia,<br \/>prev\u00e1dzkovate\u013e \u2013 Mestsk\u00e1 kni\u017enica \u017dilina, so s\u00eddlom Sv.Cyrila a Metoda 1, I\u010cO: 53947002 si V\u00e1s dovo\u013euje informova\u0165, \u017ee v\u00a0\u010dase konania podujatia d\u00f4jde na vyhraden\u00fdch miestach k\u00a0zaznamen\u00e1vaniu jeho priebehu audiovizu\u00e1lnou technikou. Va\u0161e osobn\u00e9 \u00fadaje vo forme obrazov\u00fdch sn\u00edmok a\u00a0obrazovo-zvukov\u00fdch z\u00e1znamov prev\u00e1dzkovate\u013e sprac\u00fava za \u00fa\u010delom propag\u00e1cie podujatia a zadeklarovania jeho priebehu, a\u00a0to v\u00a0s\u00falade s \u010dl. 6 ods. 1 p\u00edsm. f) NARIADENIA EUR\u00d3PSKEHO PARLAMENTU A RADY (E\u00da) 2016\/679 z 27. apr\u00edla 2016 o ochrane fyzick\u00fdch os\u00f4b pri sprac\u00favan\u00ed osobn\u00fdch \u00fadajov a o vo\u013enom pohybe tak\u00fdchto \u00fadajov, ktor\u00fdm sa zru\u0161uje smernica 95\/46\/ES (v\u0161eobecn\u00e9 nariadenie o ochrane \u00fadajov). Obrazov\u00e9 sn\u00edmky a\u00a0obrazovo-zvukov\u00e9 z\u00e1znamy z\u00a0podujatia bud\u00fa zverejnen\u00e9 na webovom s\u00eddle prev\u00e1dzkovate\u013ea a\u00a0bud\u00fa uchov\u00e1van\u00e9 po dobu 3 rokov. Ako dotknut\u00e1 osoba m\u00e1te pr\u00e1vo kedyko\u013evek namieta\u0165 tak\u00e9to sprac\u00favanie.<\/p><p>Inform\u00e1cie o sprac\u00favan\u00ed osobn\u00fdch \u00fadajov n\u00e1jdete\u00a0<a href=\"http:\/\/www.osobnyudaj.sk\/informovanie\" target=\"_blank\" rel=\"noopener\">TU<\/a>.<\/p>\t\t\t\t\t\t\t\t<\/div>\n\t\t\t\t\t<\/div>\n\t\t\t\t<\/div>\n\t\t\t\t<\/div>","protected":false},"excerpt":{"rendered":"<p>S osobn\u00fdmi \u00fadajmi na\u0161ich pou\u017e\u00edvate\u013eov naklad\u00e1me zodpovedne v zmysle platnej legislat\u00edvy. Podrobnosti n\u00e1jdete\u00a0TU. Fotografovanie na podujatiach\u00a0 V\u00e1\u017een\u00ed n\u00e1v\u0161tevn\u00edci podujatia,prev\u00e1dzkovate\u013e \u2013 Mestsk\u00e1 kni\u017enica \u017dilina, so s\u00eddlom Sv.Cyrila a Metoda 1, I\u010cO: [&hellip;]<\/p>\n","protected":false},"author":1,"featured_media":0,"parent":0,"menu_order":0,"comment_status":"closed","ping_status":"closed","template":"","meta":{"_acf_changed":false,"footnotes":""},"class_list":["post-282","page","type-page","status-publish","hentry"],"acf":[],"_links":{"self":[{"href":"https:\/\/www.kulturazilina.sk\/en\/wp-json\/wp\/v2\/pages\/282","targetHints":{"allow":["GET"]}}],"collection":[{"href":"https:\/\/www.kulturazilina.sk\/en\/wp-json\/wp\/v2\/pages"}],"about":[{"href":"https:\/\/www.kulturazilina.sk\/en\/wp-json\/wp\/v2\/types\/page"}],"author":[{"embeddable":true,"href":"https:\/\/www.kulturazilina.sk\/en\/wp-json\/wp\/v2\/users\/1"}],"replies":[{"embeddable":true,"href":"https:\/\/www.kulturazilina.sk\/en\/wp-json\/wp\/v2\/comments?post=282"}],"version-history":[{"count":3,"href":"https:\/\/www.kulturazilina.sk\/en\/wp-json\/wp\/v2\/pages\/282\/revisions"}],"predecessor-version":[{"id":1755,"href":"https:\/\/www.kulturazilina.sk\/en\/wp-json\/wp\/v2\/pages\/282\/revisions\/1755"}],"wp:attachment":[{"href":"https:\/\/www.kulturazilina.sk\/en\/wp-json\/wp\/v2\/media?parent=282"}],"curies":[{"name":"wp","href":"https:\/\/api.w.org\/{rel}","templated":true}]}}

Zásady používania súborov cookie (EÚ)

<div data-elementor-type="wp-page" data-elementor-id="282" class="elementor elementor-282" data-elementor-post-type="page">
				<div class="elementor-element elementor-element-5186b134 e-flex e-con-boxed e-con e-parent" data-id="5186b134" data-element_type="container" data-e-type="container">
					<div class="e-con-inner">
				<div class="elementor-element elementor-element-4789e58 elementor-widget elementor-widget-text-editor" data-id="4789e58" data-element_type="widget" data-e-type="widget" data-widget_type="text-editor.default">
									<p>S osobnými údajmi našich používateľov nakladáme zodpovedne v zmysle platnej legislatívy.</p><p>Podrobnosti nájdete <a href="https://www.osobnyudaj.sk/informovanie/53947002/sk/zakladne-informacie" target="_blank" rel="noopener">TU</a>.</p><p><strong>Fotografovanie na podujatiach </strong></p><p>Vážení návštevníci podujatia,<br />prevádzkovateľ – Mestská knižnica Žilina, so sídlom Sv.Cyrila a Metoda 1, IČO: 53947002 si Vás dovoľuje informovať, že v čase konania podujatia dôjde na vyhradených miestach k zaznamenávaniu jeho priebehu audiovizuálnou technikou. Vaše osobné údaje vo forme obrazových snímok a obrazovo-zvukových záznamov prevádzkovateľ spracúva za účelom propagácie podujatia a zadeklarovania jeho priebehu, a to v súlade s čl. 6 ods. 1 písm. f) NARIADENIA EURÓPSKEHO PARLAMENTU A RADY (EÚ) 2016/679 z 27. apríla 2016 o ochrane fyzických osôb pri spracúvaní osobných údajov a o voľnom pohybe takýchto údajov, ktorým sa zrušuje smernica 95/46/ES (všeobecné nariadenie o ochrane údajov). Obrazové snímky a obrazovo-zvukové záznamy z podujatia budú zverejnené na webovom sídle prevádzkovateľa a budú uchovávané po dobu 3 rokov. Ako dotknutá osoba máte právo kedykoľvek namietať takéto spracúvanie.</p><p>Informácie o spracúvaní osobných údajov nájdete <a href="http://www.osobnyudaj.sk/informovanie" target="_blank" rel="noopener">TU</a>.</p>								</div>
					</div>
				</div>
				</div>

<p>S osobnými údajmi našich používateľov nakladáme zodpovedne v zmysle platnej legislatívy. Podrobnosti nájdete TU. Fotografovanie na podujatiach  Vážení návštevníci podujatia,prevádzkovateľ – Mestská knižnica Žilina, so sídlom Sv.Cyrila a Metoda 1, IČO: [&hellip;]</p>
